{"id":7020,"date":"2024-12-18T15:22:15","date_gmt":"2024-12-18T14:22:15","guid":{"rendered":"http:\/\/imagessecondes.fr\/?page_id=7020"},"modified":"2026-01-16T17:04:23","modified_gmt":"2026-01-16T16:04:23","slug":"accueil-2","status":"publish","type":"page","link":"https:\/\/imagessecondes.fr\/","title":{"rendered":"Accueil"},"content":{"rendered":"\n<div class=\"wp-block-cover is-light wp-duotone-unset-1\" style=\"min-height:424px;aspect-ratio:unset;\"><img fetchpriority=\"high\" decoding=\"async\" width=\"870\" height=\"698\" class=\"wp-block-cover__image-background wp-image-8109 size-full\" alt=\"\" src=\"https:\/\/imagessecondes.fr\/wp-content\/uploads\/2026\/01\/IS5-Accueil-1.png\" style=\"object-position:50% 15%\" data-object-fit=\"cover\" data-object-position=\"50% 15%\" srcset=\"https:\/\/imagessecondes.fr\/wp-content\/uploads\/2026\/01\/IS5-Accueil-1.png 870w, https:\/\/imagessecondes.fr\/wp-content\/uploads\/2026\/01\/IS5-Accueil-1-300x241.png 300w, https:\/\/imagessecondes.fr\/wp-content\/uploads\/2026\/01\/IS5-Accueil-1-768x616.png 768w, https:\/\/imagessecondes.fr\/wp-content\/uploads\/2026\/01\/IS5-Accueil-1-700x562.png 700w, https:\/\/imagessecondes.fr\/wp-content\/uploads\/2026\/01\/IS5-Accueil-1-680x546.png 680w, https:\/\/imagessecondes.fr\/wp-content\/uploads\/2026\/01\/IS5-Accueil-1-280x225.png 280w\" sizes=\"(max-width: 870px) 100vw, 870px\" \/><span aria-hidden=\"true\" class=\"wp-block-cover__background has-background-dim\" style=\"background-color:#bbbbb7\"><\/span><div class=\"wp-block-cover__inner-container is-layout-flow wp-block-cover-is-layout-flow\">\n<p class=\"has-text-align-center has-black-color has-text-color has-link-color has-large-font-size wp-elements-c733d183a741c18a1b6f82285f75d185\"><a href=\"https:\/\/imagessecondes.fr\/index.php\/05-2025-images-operationnelles\/\" target=\"_blank\" rel=\"noreferrer noopener\"><strong>05 | 2025<\/strong><\/a><strong><a href=\"https:\/\/imagessecondes.fr\/index.php\/05-2025-images-operationnelles\/\" data-type=\"page\" data-id=\"6799\" target=\"_blank\" rel=\"noreferrer noopener\"><mark style=\"background-color:rgba(0, 0, 0, 0)\" class=\"has-inline-color has-vivid-red-color\">Images op\u00e9rationnelles\u00a0:<br>agencements utilitaires des images en mouvement<\/mark><\/a><\/strong> | <a style=\"font-weight: bold;\" href=\"https:\/\/imagessecondes.fr\/index.php\/05-2025-images-operationnelles\/\" data-type=\"page\" data-id=\"6799\">en ligne<\/a><\/p>\n\n\n\n<p class=\"has-text-align-right has-white-color has-text-color has-link-color wp-elements-9620b6ec0303b80ededf6fe98771fb5e\" style=\"font-size:30px\"><strong><mark style=\"background-color:rgba(0, 0, 0, 0)\" class=\"has-inline-color has-vivid-red-color\"><a href=\"https:\/\/imagessecondes.fr\/index.php\/05-2025-images-operationnelles\/\" target=\"_blank\" rel=\"noreferrer noopener\">D\u00e9couvrez le num\u00e9ro !<\/a><\/mark><\/strong><\/p>\n<\/div><\/div>\n\n\n\n<div class=\"wp-block-columns is-layout-flex wp-container-core-columns-is-layout-9d6595d7 wp-block-columns-is-layout-flex\">\n<div class=\"wp-block-column is-layout-flow wp-block-column-is-layout-flow\">\n<p class=\"has-small-font-size\">Photogramme\u00a0de couverture : <em>Eye\/Machine<\/em> \u00a9 Harun Farocki, 2000<\/p>\n<\/div>\n<\/div>\n\n\n\n<div class=\"wp-block-columns is-layout-flex wp-container-core-columns-is-layout-9d6595d7 wp-block-columns-is-layout-flex\">\n<div class=\"wp-block-column is-layout-flow wp-block-column-is-layout-flow\">\n<p class=\"has-vivid-red-color has-text-color\" style=\"font-size:20px\"><strong>Num\u00e9ros \u00e0 para\u00eetre<\/strong><\/p>\n\n\n\n<p class=\"has-black-color has-text-color has-link-color wp-elements-9cf391273f5ed0ef251f3c0b236c873e\" style=\"font-size:15px\">06 | 2026 <strong><a href=\"http:\/\/imagessecondes.fr\/index.php\/appel-en-cours-07-2025\/\" data-type=\"page\" data-id=\"6159\" target=\"_blank\" rel=\"noreferrer noopener\">Approches sensibles du handicap au cin\u00e9ma : l\u2019apport des <em>disability studies<\/em><\/a><\/strong><br>07 | 2026 <strong><a href=\"http:\/\/imagessecondes.fr\/index.php\/appel-a-contributions-numero-4\/\" data-type=\"page\" data-id=\"4220\" target=\"_blank\" rel=\"noreferrer noopener\">Approches postcoloniales et d\u00e9coloniales du cin\u00e9ma<\/a><\/strong><\/p>\n<\/div>\n\n\n\n<div class=\"wp-block-column is-layout-flow wp-block-column-is-layout-flow\">\n<p class=\"has-vivid-red-color has-text-color\" style=\"font-size:20px\"><strong><strong>D\u00e9j\u00e0 <\/strong>disponibles<\/strong><\/p>\n\n\n\n<p class=\"has-black-color has-text-color has-link-color wp-elements-2feebe51db93fdcc87fb476c746bc292\" id=\"anciens-numeros\" style=\"font-size:15px\">05 | 2025 <strong><a href=\"https:\/\/imagessecondes.fr\/index.php\/05-2025-images-operationnelles\/\" data-type=\"page\" data-id=\"6078\" target=\"_blank\" rel=\"noreferrer noopener\">Images op\u00e9rationnelles : <strong>agencements utilitaires des images en mouvement<\/strong><\/a><\/strong><br>04 | 2024 <strong><a href=\"http:\/\/imagessecondes.fr\/index.php\/04-2024-cinema-et-speculation-financiere\/\" data-type=\"page\" data-id=\"6799\" target=\"_blank\" rel=\"noreferrer noopener\">Cin\u00e9ma et sp\u00e9culation financi\u00e8re<\/a><\/strong><br>03 | 2022 <strong><a href=\"http:\/\/imagessecondes.fr\/index.php\/03-2022-post-cinema\/\" data-type=\"page\" data-id=\"2236\" target=\"_blank\" rel=\"noreferrer noopener\">Post-cin\u00e9ma. Pratiques de recherche et de cr\u00e9ation<\/a><\/strong><br>02 | 2020 <strong><a href=\"http:\/\/imagessecondes.fr\/index.php\/puissances-architectoniques-du-cinema\/\" data-type=\"page\" data-id=\"2257\" target=\"_blank\" rel=\"noreferrer noopener\">Puissances architectoniques du cin\u00e9ma<\/a><\/strong><br>01 | 2018&nbsp;<strong><a href=\"http:\/\/imagessecondes.fr\/index.php\/01-2018-danse-cinema-la-recherche-en-mouvement\/\" data-type=\"page\" data-id=\"2145\" target=\"_blank\" rel=\"noreferrer noopener\">Danse &amp; cin\u00e9ma,&nbsp;la recherche en mouvement<\/a><\/strong><\/p>\n<\/div>\n<\/div>\n\n\n\n<p class=\"has-text-align-left has-vivid-red-color has-text-color has-link-color has-medium-font-size wp-elements-a76dc3bafeec6d93be27d4d47d612fea\"><\/p>\n\n\n\n<p class=\"has-text-align-right has-vivid-red-color has-text-color has-link-color wp-elements-a8a58cb27d68be3d8813e8ec09f377a0\"><a href=\"https:\/\/www.facebook.com\/ImagesSecondes\/\" target=\"_blank\" rel=\"noreferrer noopener\"><strong>Suivez-nous sur Facebook !<\/strong><\/a><\/p>\n\n\n\n<p><\/p>\n","protected":false},"excerpt":{"rendered":"<p>Photogramme\u00a0de couverture : Eye\/Machine \u00a9 Harun Farocki, 2000 Num\u00e9ros \u00e0 para\u00eetre 06 | 2026 Approches sensibles du handicap au cin\u00e9ma : l\u2019apport des disability studies07 | 2026 Approches postcoloniales et d\u00e9coloniales du cin\u00e9ma D\u00e9j\u00e0 disponibles 05 | 2025 Images op\u00e9rationnelles : agencements utilitaires des images en mouvement04 | 2024 Cin\u00e9ma et sp\u00e9culation financi\u00e8re03 | 2022<\/p>\n","protected":false},"author":3,"featured_media":0,"parent":0,"menu_order":0,"comment_status":"closed","ping_status":"closed","template":"","meta":{"_exactmetrics_skip_tracking":false,"_exactmetrics_sitenote_active":false,"_exactmetrics_sitenote_note":"","_exactmetrics_sitenote_category":0,"footnotes":""},"class_list":["post-7020","page","type-page","status-publish","hentry"],"jetpack_shortlink":"https:\/\/wp.me\/P9TfUI-1Pe","jetpack_sharing_enabled":true,"_links":{"self":[{"href":"https:\/\/imagessecondes.fr\/index.php\/wp-json\/wp\/v2\/pages\/7020","targetHints":{"allow":["GET"]}}],"collection":[{"href":"https:\/\/imagessecondes.fr\/index.php\/wp-json\/wp\/v2\/pages"}],"about":[{"href":"https:\/\/imagessecondes.fr\/index.php\/wp-json\/wp\/v2\/types\/page"}],"author":[{"embeddable":true,"href":"https:\/\/imagessecondes.fr\/index.php\/wp-json\/wp\/v2\/users\/3"}],"replies":[{"embeddable":true,"href":"https:\/\/imagessecondes.fr\/index.php\/wp-json\/wp\/v2\/comments?post=7020"}],"version-history":[{"count":83,"href":"https:\/\/imagessecondes.fr\/index.php\/wp-json\/wp\/v2\/pages\/7020\/revisions"}],"predecessor-version":[{"id":8132,"href":"https:\/\/imagessecondes.fr\/index.php\/wp-json\/wp\/v2\/pages\/7020\/revisions\/8132"}],"wp:attachment":[{"href":"https:\/\/imagessecondes.fr\/index.php\/wp-json\/wp\/v2\/media?parent=7020"}],"curies":[{"name":"wp","href":"https:\/\/api.w.org\/{rel}","templated":true}]}}