{"id":4220,"date":"2021-06-23T22:27:26","date_gmt":"2021-06-23T20:27:26","guid":{"rendered":"http:\/\/imagessecondes.fr\/?page_id=4220"},"modified":"2024-12-14T17:17:17","modified_gmt":"2024-12-14T16:17:17","slug":"appel-a-contributions-numero-4","status":"publish","type":"page","link":"https:\/\/imagessecondes.fr\/index.php\/appel-a-contributions-numero-4\/","title":{"rendered":"05 |\u00a0Approches postcoloniales et d\u00e9coloniales du cin\u00e9ma"},"content":{"rendered":"<p style=\"text-align: center;\"><strong><span style=\"color: #000000;\">\u2013 L\u2019appel \u00e0 contributions est clos depuis le 1er octobre 2021<\/span><span style=\"color: #707003;\">\u00a0<span style=\"color: #000000;\">\u2013<\/span><\/span><\/strong><\/p>\n<h3><span style=\"color: #cf2e2e;\">Approches postcoloniales et d\u00e9coloniales du cin\u00e9ma<span class=\"Apple-converted-space\" style=\"font-weight: bold;\">\u00a0<\/span><\/span><\/h3>\n<h6><span style=\"color: #000000;\"><strong>R\u00e9dacteur.trices en chef du num\u00e9ro<\/strong><\/span><\/h6>\n<p><b>Ignacio Albornoz Fari\u00f1a<\/b>, doctorant en \u00e9tudes cin\u00e9matographiques \u00e0 l\u2019Universit\u00e9 Paris 8\u00a0Vincennes \u2013\u00a0Saint-Denis \u2014\u00a0<strong>Claire<\/strong><b> Allouche<\/b>, doctorante en \u00e9tudes cin\u00e9matographiques \u00e0 l\u2019Universit\u00e9 Paris 8\u00a0Vincennes \u2013\u00a0Saint-Denis \u2014\u00a0<b>Raquel Schefer<\/b>, docteure en \u00e9tudes cin\u00e9matographiques, Universit\u00e9 de Lisbonne, Nouvelle Universit\u00e9 de Lisbonne, University of the Western Cape<span class=\"Apple-converted-space\">\u00a0<\/span><\/p>\n<h6><span style=\"color: #000000;\"><strong>R\u00e9sum\u00e9 de l&rsquo;appel<\/strong><\/span><\/h6>\n<p>Le <b>quatri\u00e8me num\u00e9ro de la revue <\/b><i>Images Secondes <\/i>souhaite interroger la pertinence des approches post et d\u00e9coloniales dans le champ des \u00e9tudes cin\u00e9matographiques, en termes de conception th\u00e9orique, de m\u00e9thodologies d\u2019analyse, ainsi que d\u2019\u00e9tude des exp\u00e9riences de cr\u00e9ation, de circulation et de p\u00e9dagogie cin\u00e9matographique. \u00c0 cet \u00e9gard, il semble important d\u2019interroger les fragments manquants ou m\u00e9connus d\u2019une histoire du cin\u00e9ma mondial et d\u2019investir de nouveaux outils de pens\u00e9e et d\u2019analyse en r\u00e9ponse \u00e0 la litt\u00e9rature postcoloniale et d\u00e9coloniale contemporaine des sciences sociales et humaines.<\/p>\n<p>Nous n\u2019envisageons la dimension d\u00e9coloniale ni comme une th\u00e9matique ni comme un garde-fou moralisateur. Nous consid\u00e9rons davantage ce tournant comme une approche en construction continue et collective afin d\u2019ouvrir de nouvelles m\u00e9thodes pour \u00e9tudier des gestes cin\u00e9matographiques par-del\u00e0 les canons eurocentr\u00e9s, laissant ainsi se dessiner des esth\u00e9tiques d\u00e9coloniales originales, de nouveaux cin\u00e9mas d\u00e9coloniaux et des pratiques d\u00e9coloniales in\u00e9dites du cin\u00e9ma. Dans ce num\u00e9ro, l\u2019int\u00e9r\u00eat port\u00e9 aux modes de production et de diffusion est essentiel : qu\u2019est-ce qui rend <i>effectivement <\/i>possible l\u2019existence d\u2019un cin\u00e9ma d\u00e9colonial et la d\u00e9colonisation des regards ? Il s\u2019agit aussi d\u2019interroger des processus et des singularit\u00e9s en diff\u00e9rentes localit\u00e9s et p\u00e9riodes historiques : \u00ab les situations coloniales et postcoloniales, parce qu\u2019elles sont diverses, conduisent \u00e0 des approches distinctes des d\u00e9colonisations \u00bb, nous rappellent Seloua Luste Boulbina, Jim Cohen, Najate Zouggari et Patrick Simon.<span class=\"Apple-converted-space\">\u00a0<\/span><\/p>\n<p><span style=\"color: #cf2e2e;\"><a style=\"color: #cf2e2e;\" href=\"http:\/\/imagessecondes.fr\/wp-content\/uploads\/2021\/09\/Appel-IS4-V2-prolong\u00e9.pdf\"><strong>Consulter <\/strong><strong>l&rsquo;appel<\/strong><strong> dans l&rsquo;int\u00e9gralit\u00e9.<\/strong><\/a><\/span><\/p>\n<h6><span style=\"color: #000000;\"><strong><span style=\"color: #cf2e2e;\">Comit\u00e9 scientifique du num\u00e9ro<\/span> <\/strong><\/span><\/h6>\n<p><b>Roland B\u00e9har <\/b>(ENS Ulm) \u2014\u00a0<b>C\u00e9cile Bo\u00ebx <\/b>(EHESS) \u2014\u00a0<b>Camille Bui <\/b>(Universit\u00e9 Paris 1 Panth\u00e9on-Sorbonne) \u2014\u00a0<b>Teresa Castro <\/b>(Universit\u00e9 Sorbonne Nouvelle &#8211; Paris 3) \u2014\u00a0<b>Gabrielle Chomentowski <\/b>(CNRS) \u2014\u00a0<b>Jean-Paul Colleyn <\/b>(EHESS) \u2014\u00a0<b>Caroline Damiens <\/b>(Universit\u00e9 de Paris Nanterre) \u2014\u00a0<b>Amandine d\u2019Azevedo <\/b>(Universit\u00e9 Paul Val\u00e9ry \u2013 Montpellier 3) \u2014\u00a0<b>Ignacio del Valle D\u00e1vila <\/b>(UNILA, Foz de Igua\u00e7o) \u2014\u00a0<b>Mehdi Derfoufi <\/b>(Universit\u00e9 Paris 8 \u2013 Vincennes Saint-Denis) \u2014\u00a0<b>T\u00e9r\u00e9sa Faucon <\/b>(Universit\u00e9 Sorbonne Nouvelle &#8211; Paris 3) \u2014\u00a0<b>Sonia Kerfa <\/b>(Universit\u00e9 Grenoble Alpes) \u2014\u00a0<b>Anne Kerlan <\/b>(EHESS) \u2014\u00a0<b>Alice Leroy <\/b>(Universit\u00e9 Paris-Est Marne-la-Vall\u00e9e) \u2014\u00a0<b>M\u00e9lisande Leventopoulos <\/b>(Universit\u00e9 Paris 8 \u2013 Vincennes Saint-Denis)\u00a0\u2014\u00a0<b>Marion Polirsztok <\/b>(Universit\u00e9 de Rennes 2) \u2014\u00a0\u00a0<b>L\u00facia Ramos Monteiro <\/b>(Universidade Federal Fluminense, Niter\u00f3i)\u00a0\u2014\u00a0<b>Amanda Rueda <\/b>(Universit\u00e9 Toulouse II \u2013 Jean Jaur\u00e8s Le Mirail) \u2014\u00a0<b>Jennifer Verraes <\/b>(Universit\u00e9 Paris 8 \u2013 Vincennes Saint-Denis)<span class=\"Apple-converted-space\">\u00a0<\/span><\/p>\n","protected":false},"excerpt":{"rendered":"<p>\u2013 L\u2019appel \u00e0 contributions est clos depuis le 1er octobre 2021\u00a0\u2013 Approches postcoloniales et d\u00e9coloniales du cin\u00e9ma\u00a0 R\u00e9dacteur.trices en chef du num\u00e9ro Ignacio Albornoz Fari\u00f1a, doctorant en \u00e9tudes cin\u00e9matographiques \u00e0 l\u2019Universit\u00e9 Paris 8\u00a0Vincennes \u2013\u00a0Saint-Denis \u2014\u00a0Claire Allouche, doctorante en \u00e9tudes cin\u00e9matographiques \u00e0 l\u2019Universit\u00e9 Paris 8\u00a0Vincennes \u2013\u00a0Saint-Denis \u2014\u00a0Raquel Schefer, docteure en \u00e9tudes cin\u00e9matographiques, Universit\u00e9 de Lisbonne, Nouvelle<\/p>\n","protected":false},"author":3,"featured_media":0,"parent":0,"menu_order":0,"comment_status":"closed","ping_status":"closed","template":"","meta":{"_exactmetrics_skip_tracking":false,"_exactmetrics_sitenote_active":false,"_exactmetrics_sitenote_note":"","_exactmetrics_sitenote_category":0,"footnotes":""},"class_list":["post-4220","page","type-page","status-publish","hentry"],"jetpack_shortlink":"https:\/\/wp.me\/P9TfUI-164","jetpack_sharing_enabled":true,"_links":{"self":[{"href":"https:\/\/imagessecondes.fr\/index.php\/wp-json\/wp\/v2\/pages\/4220","targetHints":{"allow":["GET"]}}],"collection":[{"href":"https:\/\/imagessecondes.fr\/index.php\/wp-json\/wp\/v2\/pages"}],"about":[{"href":"https:\/\/imagessecondes.fr\/index.php\/wp-json\/wp\/v2\/types\/page"}],"author":[{"embeddable":true,"href":"https:\/\/imagessecondes.fr\/index.php\/wp-json\/wp\/v2\/users\/3"}],"replies":[{"embeddable":true,"href":"https:\/\/imagessecondes.fr\/index.php\/wp-json\/wp\/v2\/comments?post=4220"}],"version-history":[{"count":24,"href":"https:\/\/imagessecondes.fr\/index.php\/wp-json\/wp\/v2\/pages\/4220\/revisions"}],"predecessor-version":[{"id":6981,"href":"https:\/\/imagessecondes.fr\/index.php\/wp-json\/wp\/v2\/pages\/4220\/revisions\/6981"}],"wp:attachment":[{"href":"https:\/\/imagessecondes.fr\/index.php\/wp-json\/wp\/v2\/media?parent=4220"}],"curies":[{"name":"wp","href":"https:\/\/api.w.org\/{rel}","templated":true}]}}