{"id":2250,"date":"2020-02-20T12:30:40","date_gmt":"2020-02-20T11:30:40","guid":{"rendered":"http:\/\/imagessecondes.fr\/?page_id=2250"},"modified":"2025-12-28T14:38:58","modified_gmt":"2025-12-28T13:38:58","slug":"contributeurs-01-2018-danse-cinema-la-recherche-en-mouvement","status":"publish","type":"page","link":"https:\/\/imagessecondes.fr\/index.php\/contributeurs-01-2018-danse-cinema-la-recherche-en-mouvement\/","title":{"rendered":"Contributeurices 01 | 2018"},"content":{"rendered":"<h5><strong><span style=\"color: #cf2e2e;\">R\u00e9dactrices en chef<\/span> <\/strong><\/h5>\n<p><span style=\"color: #ff5e3a;\"><strong><span style=\"color: #000000;\">Marion Carrot<\/span> \u00a0\u00a0<\/strong><\/span>Dipl\u00f4m\u00e9e de l\u2019E.N.S. Louis-Lumi\u00e8re, Marion Carrot est doctorante en cin\u00e9ma et danse \u00e0 l\u2019Universit\u00e9 Paris-8 depuis novembre 2012. Sa th\u00e8se, sous la direction de Patrick Louguet et en co-direction avec Isabelle Launay, porte sur les mises en images des gestes dans\u00e9s durant la p\u00e9riode du cin\u00e9ma muet, et s\u2019intitule <em>Danser dans les films muets, une exp\u00e9rience moderne<\/em>. Elle s\u2019int\u00e9resse aux rapports entre le cin\u00e9ma et la danse, des premiers temps jusqu\u2019aux cin\u00e9danses contemporaines en passant par les films musicaux hollywoodiens. Dans ce cadre, elle est intervenue en tant qu\u2019ing\u00e9nieure d\u2019\u00e9tude sur plusieurs projets du Labex Arts-H2H. Elle a \u00e9galement publi\u00e9 plusieurs articles sur le sujet, tels que \u00ab\u00a0Vid\u00e9odanses en s\u00e9rie\u00a0\u00bb dans <em>Rep\u00e8res, cahier de danse<\/em> n\u00b040 (2017), \u00ab\u00a0Le perp\u00e9tuel devenir\u00a0\u00bb, dans\u00a0Franck Boul\u00e8gue et Marisa Hayes (dir.),\u00a0<em>Art in Motion \/ Art en mouvement<\/em> (2015), ou \u00ab\u00a0Danse et cin\u00e9ma, une relation sans histoire ?\u00a0\u00bb, dans\u00a0<em>Recherches en danse<\/em> (2014)<\/p>\n<p><span style=\"color: #ff5e3a;\"><strong><span style=\"color: #000000;\">Sophie Walon<\/span> \u00a0\u00a0<\/strong><\/span>Docteure en \u00e9tudes cin\u00e9matographiques de l\u2019Universit\u00e9 Paris Sciences et Lettres, Sophie Walon est une ancienne \u00e9l\u00e8ve de l\u2019\u00c9cole Normale Sup\u00e9rieure de Lyon (Master 2 en philosophie et en \u00e9tudes cin\u00e9matographiques), et des universit\u00e9s de Cambridge (M.\u00a0Phil Screen Media and Cultures) et d\u2019Oxford (Mst Film Aesthetics). Sa th\u00e8se, soutenue en 2015 sous la direction de Jean-Loup Bourget (ENS Paris) et d\u2019Isabelle Launay (Paris VIII), s\u2019intitule <em>Cin\u00e9-danse : histoire et singularit\u00e9s esth\u00e9tiques d\u2019un genre hybride<\/em>. Ses recherches portent sur le corps et les sensations dans les films de danse exp\u00e9rimentaux. Elle s\u2019int\u00e9resse par ailleurs beaucoup au jeune cin\u00e9ma fran\u00e7ais sur lequel elle a publi\u00e9 plusieurs articles.<\/p>\n\n\n<hr class=\"wp-block-separator has-css-opacity is-style-wide\"\/>\n\n\n<h5><span style=\"color: #cf2e2e;\"><strong>Contributeur.rices<\/strong><\/span><\/h5>\n<p><strong>DIRE LE MONDE EN MOUVEMENT<\/strong><\/p>\n<ul>\n<li><strong>Fanny Beur\u00e9\u00a0<\/strong><a href=\"http:\/\/imagessecondes.fr\/index.php\/2018\/05\/06\/le-spectacle-de-lauthenticite-filmer-la-street-dance-dans-la-saga-step-up\/\">Le Spectacle de l\u2019authenticit\u00e9\u00a0: filmer la\u00a0<em>street dance<\/em>\u00a0dans la saga\u00a0<em>Step Up<\/em><\/a><\/li>\n<li><strong>Emmanuel Cano<\/strong>\u00a0<a href=\"http:\/\/imagessecondes.fr\/index.php\/2018\/06\/23\/jia-zhang-ke\/\">La Danse et la mutation. Figures de la danse dans le cin\u00e9ma de Jia Zhang-ke<\/a><\/li>\n<li><strong>St\u00e9phanie Hontang\u00a0<\/strong><a href=\"http:\/\/imagessecondes.fr\/index.php\/2018\/06\/25\/danse-et-regards-dans-argentina-de-carlos-saura\/\">Danses et regards dans\u00a0<em>Argentina<\/em>\u00a0de Carlos Saura<\/a><\/li>\n<li><strong>Simon Daniellou<\/strong>\u00a0<a href=\"http:\/\/imagessecondes.fr\/index.php\/2018\/06\/27\/hijikata-ishii\/\"><em>L\u2019Ankoku but\u014d\u00a0<\/em>de Tatsumi Hijikata\u00a0: une attraction subversive au service du cin\u00e9ma\u00a0<em>ero-guro<\/em>\u00a0de Teruo Ishii<\/a><\/li>\n<\/ul>\n<p><strong>REPENSER LE GESTE CIN\u00c9MATOGRAPHIQUE<br \/><\/strong><\/p>\n<ul>\n<li><strong>Marina Vargau<\/strong>\u00a0<a href=\"http:\/\/imagessecondes.fr\/index.php\/2018\/06\/28\/attractions-danse-et-cinema-dans-la-rome-de-federico-fellini\/\">Attractions, danse et cin\u00e9ma dans la Rome de Federico Fellini<\/a><\/li>\n<li><strong>Barbara Janicas<\/strong>\u00a0<a href=\"http:\/\/imagessecondes.fr\/index.php\/2018\/05\/10\/evocations-de-la-danse-dans-les-theories-de-germaine-dulac\/\" target=\"_blank\" rel=\"noopener noreferrer\">\u00c9vocations de la danse dans les th\u00e9ories de Germaine Dulac<\/a><\/li>\n<li><strong>Johanna Renard<\/strong>\u00a0<a href=\"http:\/\/imagessecondes.fr\/index.php\/2018\/06\/21\/un-cinema-corporeel-la-danse-dans-les-films-dyvonne-rainer-1960-1980\/\">Un cin\u00e9ma corpor\u00e9el : la danse dans les films d\u2019Yvonne Rainer (197<\/a>0-1980)<\/li>\n<li><strong>St\u00e9phanie Herfeld<\/strong>\u00a0<a href=\"http:\/\/imagessecondes.fr\/index.php\/2018\/06\/25\/marie-menken-et-trisha-brown-une-pensee-a-loeuvre\/\">Marie Menken et Trisha Brown, une pens\u00e9e \u00e0 l\u2019\u0153uvre<\/a><\/li>\n<\/ul>\n<div class=\"page\" title=\"Page 1\">\n<div class=\"section\">\n<div class=\"layoutArea\">\n<div class=\"column\">\n<p><strong>UN GENRE DE FILM<br \/><\/strong><\/p>\n<ul>\n<li><strong>Blas Payri\u00a0<\/strong><a href=\"http:\/\/imagessecondes.fr\/index.php\/2018\/06\/26\/fonctions-et-relations-de-la-musique-dans-le-film-de-danse\/\">Caract\u00e9ristiques et fonctions de la musique et du son dans la vid\u00e9odanse<\/a><\/li>\n<li><strong>Javier Ram\u00edrez Serrano<\/strong>\u00a0<a href=\"http:\/\/imagessecondes.fr\/index.php\/2018\/06\/03\/choregraphies-aux-ceremonies-olympiques-en-tant-que-films-de-danse\/\" target=\"_blank\" rel=\"noopener noreferrer\">Les Chor\u00e9graphies des c\u00e9r\u00e9monies olympiques, des films de danse<\/a><\/li>\n<li><strong>Aude Thuries<\/strong>\u00a0<a href=\"http:\/\/imagessecondes.fr\/index.php\/2018\/06\/19\/les-films-de-super-heros-sont-ils-des-films-de-danse\/\">Les Films de super-h\u00e9ros sont-ils des films de danse ?<\/a><\/li>\n<\/ul>\n<div class=\"page\" title=\"Page 1\">\n<div class=\"section\">\n<div class=\"layoutArea\">\n<div class=\"column\">\n<p><strong>RESSOURCES<\/strong><\/p>\n<div class=\"page\" title=\"Page 1\">\n<div class=\"section\">\n<div class=\"layoutArea\">\n<div class=\"column\">\n<ul>\n<li><strong>Elisa Uffreduzzi<\/strong>\u00a0<a href=\"http:\/\/imagessecondes.fr\/index.php\/2018\/06\/28\/danse-et-orientalisme-dans-le-cinema-muet-italien\/\">Danse et orientalisme dans le cin\u00e9ma muet italien<\/a><\/li>\n<li><strong>Laurent Bismuth et Pierrette Lemoigne<\/strong>\u00a0<a href=\"http:\/\/imagessecondes.fr\/index.php\/2018\/05\/19\/la-danse-dans-les-collections-du-cnc\/\" target=\"_blank\" rel=\"noopener noreferrer\">La Danse dans les collections du CNC<\/a><\/li>\n<li><strong>Ximena Monroy Rocha &amp; Paulina Ruiz Carballido<\/strong><\/li>\n<\/ul>\n<\/div>\n<\/div>\n<\/div>\n<\/div>\n<\/div>\n<\/div>\n<\/div>\n<\/div>\n<\/div>\n<\/div>\n<\/div>\n<\/div>\n\n\n<hr class=\"wp-block-separator has-alpha-channel-opacity\"\/>\n\n\n<h5><span style=\"color: #cf2e2e;\"><strong>Comit\u00e9 <\/strong><\/span><strong><span style=\"color: #cf2e2e;\">scientifique<\/span><br \/><\/strong><\/h5>\n<p><strong>Christa Bl\u00fcmlinger,<\/strong> ESTCA, Universit\u00e9 Paris-8-Vincennes-Saint-Denis\u00a0<span style=\"color: #ff5e3a;\">\u2014\u2014<\/span> <strong>Franck Boul\u00e8gue<\/strong>, co-directeur du Festival International de Vid\u00e9odanse de Bourgogne <span style=\"color: #ff5e3a;\">\u2014\u2014<\/span> <strong>Emmanuel Dreux<\/strong>, ESTCA, Universit\u00e9 Paris-8-Vincennes-Saint-Denis\u00a0\u00a0<span style=\"color: #ff5e3a;\">\u2014\u2014<\/span> <strong>Laurent Guido<\/strong>, CEAC, Universit\u00e9 Charles-de-Gaulle-Lille-3 <span style=\"color: #ff5e3a;\">\u2014\u2014<\/span> <strong>Marisa C. Hayes<\/strong>, r\u00e9dactrice en chef de <em>Rep\u00e8res. Cahier de danse<\/em> et co-directrice du Festival International de Vid\u00e9odanse de Bourgogne\u00a0<span style=\"color: #ff5e3a;\">\u2014\u2014<\/span> <strong>Mathias Lavin<\/strong>, ESTCA, Universit\u00e9 Paris-8-Vincennes-Saint-Denis<span style=\"color: #ff5e3a;\">\u00a0\u2014\u2014<\/span> <strong>Julie Perrin,<\/strong> Musidanse, Universit\u00e9 Paris-8-Vincennes-Saint-Denis<\/p>\n<h5><strong><span style=\"color: #cf2e2e;\">Comit\u00e9 de r\u00e9daction de la revue<\/span><br \/><\/strong><\/h5>\n<p><strong>Marion Carrot, <\/strong>doctorante en cin\u00e9ma, Universit\u00e9 Paris-8-Vincennes-Saint-Denis\u00a0<span style=\"color: #ff5e3a;\">\u2014\u2014<\/span> <strong>Florence Ch\u00e9ron, <\/strong>docteure en \u00c9tudes Cin\u00e9matographiques, rattach\u00e9e \u00e0 l&rsquo;ESTCA, Universit\u00e9 Paris-8-Vincennes-Saint-Denis\u00a0<span style=\"color: #ff5e3a;\">\u2014\u2014<\/span> <strong>Lydie Delahaye, <\/strong>doctorante en cin\u00e9ma, Universit\u00e9 Paris-8-Vincennes-Saint-Denis\u00a0<span style=\"color: #ff5e3a;\">\u2014\u2014\u00a0<\/span><strong>B\u00e1rbara Janicas, <\/strong>doctorante en cin\u00e9ma, Universit\u00e9 Paris-8-Vincennes-Saint-Denis <span style=\"color: #ff5e3a;\">\u2014\u2014\u00a0<\/span><strong>Val\u00e9rie Jottreau, <\/strong>doctorante en cin\u00e9ma, Universit\u00e9 Paris-8-Vincennes-Saint-Denis\u00a0<span style=\"color: #ff5e3a;\">\u2014\u2014<\/span> <strong>C\u00e9line Pluquet, <\/strong>doctorante en cin\u00e9ma, Universit\u00e9 Paris-8-Vincennes-Saint-Denis.<\/p>","protected":false},"excerpt":{"rendered":"<p>R\u00e9dactrices en chef Marion Carrot \u00a0\u00a0Dipl\u00f4m\u00e9e de l\u2019E.N.S. Louis-Lumi\u00e8re, Marion Carrot est doctorante en cin\u00e9ma et danse \u00e0 l\u2019Universit\u00e9 Paris-8 depuis novembre 2012. Sa th\u00e8se, sous la direction de Patrick Louguet et en co-direction avec Isabelle Launay, porte sur les mises en images des gestes dans\u00e9s durant la p\u00e9riode du cin\u00e9ma muet, et s\u2019intitule Danser<\/p>\n","protected":false},"author":3,"featured_media":0,"parent":0,"menu_order":0,"comment_status":"closed","ping_status":"closed","template":"","meta":{"_exactmetrics_skip_tracking":false,"_exactmetrics_sitenote_active":false,"_exactmetrics_sitenote_note":"","_exactmetrics_sitenote_category":0,"footnotes":""},"class_list":["post-2250","page","type-page","status-publish","hentry"],"jetpack_shortlink":"https:\/\/wp.me\/P9TfUI-Ai","jetpack_sharing_enabled":true,"_links":{"self":[{"href":"https:\/\/imagessecondes.fr\/index.php\/wp-json\/wp\/v2\/pages\/2250","targetHints":{"allow":["GET"]}}],"collection":[{"href":"https:\/\/imagessecondes.fr\/index.php\/wp-json\/wp\/v2\/pages"}],"about":[{"href":"https:\/\/imagessecondes.fr\/index.php\/wp-json\/wp\/v2\/types\/page"}],"author":[{"embeddable":true,"href":"https:\/\/imagessecondes.fr\/index.php\/wp-json\/wp\/v2\/users\/3"}],"replies":[{"embeddable":true,"href":"https:\/\/imagessecondes.fr\/index.php\/wp-json\/wp\/v2\/comments?post=2250"}],"version-history":[{"count":19,"href":"https:\/\/imagessecondes.fr\/index.php\/wp-json\/wp\/v2\/pages\/2250\/revisions"}],"predecessor-version":[{"id":8071,"href":"https:\/\/imagessecondes.fr\/index.php\/wp-json\/wp\/v2\/pages\/2250\/revisions\/8071"}],"wp:attachment":[{"href":"https:\/\/imagessecondes.fr\/index.php\/wp-json\/wp\/v2\/media?parent=2250"}],"curies":[{"name":"wp","href":"https:\/\/api.w.org\/{rel}","templated":true}]}}