{"id":2238,"date":"2020-02-20T12:19:45","date_gmt":"2020-02-20T11:19:45","guid":{"rendered":"http:\/\/imagessecondes.fr\/?page_id=2238"},"modified":"2022-06-29T19:33:11","modified_gmt":"2022-06-29T17:33:11","slug":"appels-a-contributions-en-cours","status":"publish","type":"page","link":"https:\/\/imagessecondes.fr\/index.php\/appels-a-contributions-en-cours\/","title":{"rendered":"Appel \u00e0 direction"},"content":{"rendered":"\n<p><strong>APPEL \u00c0 DIRECTION D\u2019UN NUM\u00c9RO TH\u00c9MATIQUE<\/strong> (appel clos)<\/p>\n\n\n\n<p>La revue <em>Images secondes<\/em> vise \u00e0 explorer les mutations du cin\u00e9ma \u00e0 travers l\u2019analyse de ses sp\u00e9cificit\u00e9s esth\u00e9tiques, historiques et technologiques, envisag\u00e9e au prisme des autres arts et des sciences humaines. Dans un contexte d\u2019ouverture disciplinaire et tourn\u00e9e vers l\u2019expression d\u2019une pens\u00e9e contemporaine,<em> Images secondes<\/em> se positionne au c\u0153ur des pratiques et des recherches en cin\u00e9ma par la mise en regard des objets filmiques avec l\u2019actualit\u00e9 des soci\u00e9t\u00e9s. Revue annuelle \u00e0 comit\u00e9 de lecture, structur\u00e9e autour d\u2019un th\u00e8me directeur propre \u00e0 chaque volume, <em>Images secondes<\/em> est con\u00e7ue et dirig\u00e9e par des chercheuses en \u00e9tudes cin\u00e9matographiques et audiovisuelles.<\/p>\n\n\n\n<p>Alors que le n\u00b04 de la revue (<em>Approches postcoloniales et d\u00e9coloniales du cin\u00e9ma<\/em>) est en cours d\u2019\u00e9laboration et que le n\u00b03 (<em>Post-cin\u00e9ma, pratiques de recherche et de cr\u00e9ation<\/em>) vient de para\u00eetre, <em>Images secondes <\/em>invite les membres de la communaut\u00e9 de la recherche en cin\u00e9ma \u00e0 proposer des projets pour le n\u00b05.<\/p>\n\n\n\n<p><strong>R\u00e9dacteurices en chef invit\u00e9<\/strong><strong>\u2219e\u200b\u200b\u2219s<\/strong><\/p>\n\n\n\n<p>Les r\u00e9dacteurices en chef invit\u00e9\u2219e\u2219s sont responsables d\u2019un num\u00e9ro th\u00e9matique dont iels ont d\u00e9termin\u00e9 le sujet et les axes de r\u00e9flexion. Les coordinateurices soumettent un appel \u00e0 contributions ou passent commande de contributions (articles scientifiques, entretiens ou autres formes de cr\u00e9ation). Iels constituent un comit\u00e9 scientifique en phase avec leur sujet et en accord avec le comit\u00e9 de r\u00e9daction d\u2019<em>Images secondes<\/em>. Les r\u00e9dacteurices s\u00e9lectionnent les contributions (entre 10 et 14), les collectent et suivent le processus d\u2019\u00e9valuation en double aveugle aupr\u00e8s du comit\u00e9 scientifique. Iels suivent les modifications des auteures, v\u00e9rifient la qualit\u00e9 scientifique de chaque contribution et le respect de la mise en forme des articles selon les normes de la revue.&nbsp;<\/p>\n\n\n\n<p>Le processus dure en moyenne entre 12 et 18 mois. Cette collaboration ponctuelle peut se prolonger par l\u2019int\u00e9gration des r\u00e9dacteurices en chef invit\u00e9\u2219e\u2219s au comit\u00e9 de r\u00e9daction de la revue.&nbsp;<\/p>\n\n\n\n<p>Le comit\u00e9 de r\u00e9daction d\u2019<em>Images secondes <\/em>accompagne les r\u00e9dacteurices en chef invit\u00e9\u2219e\u2219s \u00e0 chaque \u00e9tape du projet en participant \u00e0 la diffusion de l\u2019appel \u00e0 contributions, en anonymisant les contributions, en r\u00e9pondant aux auteur\u2219e\u2219s non retenus et en fournissant les grilles d\u2019\u00e9valuation des textes et de mise en forme. Le comit\u00e9 de r\u00e9daction se charge \u00e9galement du lissage final des contributions et de la mise en ligne du num\u00e9ro sur le site <a href=\"https:\/\/imagessecondes.fr\/\">imagessecondes.fr<\/a><\/p>\n\n\n\n<p><strong>Modalit\u00e9s de candidature<\/strong><\/p>\n\n\n\n<p>Les personnes int\u00e9ress\u00e9es par la direction d\u2019un num\u00e9ro th\u00e9matique doivent transmettre les renseignements suivants :&nbsp;<\/p>\n\n\n\n<ul class=\"wp-block-list\"><li>nom et pr\u00e9nom, fonction et affiliation, courte biographie (150 mots max.), courriel des diff\u00e9rents co-directeurices ;<\/li><li>un r\u00e9sum\u00e9 d\u2019environ 500 mots exposant la th\u00e9matique choisie, ses enjeux et son ad\u00e9quation avec la ligne \u00e9ditoriale d\u2019<em>Images secondes<\/em> ;<\/li><li>une liste des potentiels auteurs et du potentiel comit\u00e9 scientifique avec leur affiliation respective (m\u00eame si ces personnes n\u2019ont pas encore \u00e9t\u00e9 contact\u00e9es).<\/li><\/ul>\n\n\n\n<p><strong>\u00c9valuations des propositions<\/strong><\/p>\n\n\n\n<p>Les crit\u00e8res de s\u00e9lection de la proposition sont les suivants :&nbsp;<\/p>\n\n\n\n<ul class=\"wp-block-list\"><li>le sujet doit \u00eatre original ou bien traiter sous un nouveau jour un th\u00e8me qui s\u2019inscrit dans l\u2019actualit\u00e9 du cin\u00e9ma et des sciences humaines, permettant ainsi de traiter des enjeux contemporains et d\u2019actualit\u00e9 ;&nbsp;<\/li><li>la th\u00e9matique ne doit pas avoir \u00e9t\u00e9 d\u00e9velopp\u00e9e dans un num\u00e9ro pr\u00e9c\u00e9dent de la revue ;<\/li><li>le projet doit \u00eatre co-dirig\u00e9 par deux ou trois chercheur\u2219e\u2219s (prioritairement de jeunes chercheur\u2219e\u2219s \u2015 doctorant\u2219e\u2219s ou docteur\u2219e\u2219s \u2015 appartenant, id\u00e9alement, \u00e0 des institutions diff\u00e9rentes).<\/li><\/ul>\n\n\n\n<p>Les projets sont \u00e9tudi\u00e9s coll\u00e9gialement par le comit\u00e9 de r\u00e9daction de la revue. Il \u00e9value la qualit\u00e9 scientifique et la coh\u00e9rence de la th\u00e9matique soumise.&nbsp;<\/p>\n\n\n\n<p><strong>Envoi des propositions&nbsp;<\/strong><\/p>\n\n\n\n<p>Les \u00e9l\u00e9ments de candidature sont \u00e0 transmettre en fichier attach\u00e9 \u00e0 : articles[at]imagessecondes.fr avant le 31 mai 2022.&nbsp;<\/p>\n","protected":false},"excerpt":{"rendered":"<p>APPEL \u00c0 DIRECTION D\u2019UN NUM\u00c9RO TH\u00c9MATIQUE (appel clos) La revue Images secondes vise \u00e0 explorer les mutations du cin\u00e9ma \u00e0 travers l\u2019analyse de ses sp\u00e9cificit\u00e9s esth\u00e9tiques, historiques et technologiques, envisag\u00e9e au prisme des autres arts et des sciences humaines. Dans un contexte d\u2019ouverture disciplinaire et tourn\u00e9e vers l\u2019expression d\u2019une pens\u00e9e contemporaine, Images secondes se positionne<\/p>\n","protected":false},"author":3,"featured_media":0,"parent":0,"menu_order":0,"comment_status":"closed","ping_status":"closed","template":"","meta":{"_exactmetrics_skip_tracking":false,"_exactmetrics_sitenote_active":false,"_exactmetrics_sitenote_note":"","_exactmetrics_sitenote_category":0,"footnotes":""},"class_list":["post-2238","page","type-page","status-publish","hentry"],"jetpack_shortlink":"https:\/\/wp.me\/P9TfUI-A6","jetpack_sharing_enabled":true,"_links":{"self":[{"href":"https:\/\/imagessecondes.fr\/index.php\/wp-json\/wp\/v2\/pages\/2238","targetHints":{"allow":["GET"]}}],"collection":[{"href":"https:\/\/imagessecondes.fr\/index.php\/wp-json\/wp\/v2\/pages"}],"about":[{"href":"https:\/\/imagessecondes.fr\/index.php\/wp-json\/wp\/v2\/types\/page"}],"author":[{"embeddable":true,"href":"https:\/\/imagessecondes.fr\/index.php\/wp-json\/wp\/v2\/users\/3"}],"replies":[{"embeddable":true,"href":"https:\/\/imagessecondes.fr\/index.php\/wp-json\/wp\/v2\/comments?post=2238"}],"version-history":[{"count":24,"href":"https:\/\/imagessecondes.fr\/index.php\/wp-json\/wp\/v2\/pages\/2238\/revisions"}],"predecessor-version":[{"id":5950,"href":"https:\/\/imagessecondes.fr\/index.php\/wp-json\/wp\/v2\/pages\/2238\/revisions\/5950"}],"wp:attachment":[{"href":"https:\/\/imagessecondes.fr\/index.php\/wp-json\/wp\/v2\/media?parent=2238"}],"curies":[{"name":"wp","href":"https:\/\/api.w.org\/{rel}","templated":true}]}}